[INFO] cloning repository https://github.com/Machtan/token-rs
[INFO] running `Command { std: "git" "-c" "credential.helper=" "-c" "credential.helper=/workspace/cargo-home/bin/git-credential-null" "clone" "--bare" "https://github.com/Machtan/token-rs" "/workspace/cache/git-repos/https%3A%2F%2Fgithub.com%2FMachtan%2Ftoken-rs", kill_on_drop: false }`
[INFO] [stderr] Cloning into bare repository '/workspace/cache/git-repos/https%3A%2F%2Fgithub.com%2FMachtan%2Ftoken-rs'...
[INFO] running `Command { std: "git" "rev-parse" "HEAD", kill_on_drop: false }`
[INFO] [stdout] 9b6f91edb12a582c8c52974fd381fc03d530eacb
[INFO] checking Machtan/token-rs against master#af3c6e733a40e671550e0f0f5aeecaa13772ba56 for pr-74989
[INFO] running `Command { std: "git" "clone" "/workspace/cache/git-repos/https%3A%2F%2Fgithub.com%2FMachtan%2Ftoken-rs" "/workspace/builds/worker-4/source", kill_on_drop: false }`
[INFO] [stderr] Cloning into '/workspace/builds/worker-4/source'...
[INFO] [stderr] done.
[INFO] validating manifest of git repo https://github.com/Machtan/token-rs on toolchain af3c6e733a40e671550e0f0f5aeecaa13772ba56
[INFO] running `Command { std: "/workspace/cargo-home/bin/cargo" "+af3c6e733a40e671550e0f0f5aeecaa13772ba56" "read-manifest" "--manifest-path" "Cargo.toml", kill_on_drop: false }`
[INFO] started tweaking git repo https://github.com/Machtan/token-rs
[INFO] finished tweaking git repo https://github.com/Machtan/token-rs
[INFO] tweaked toml for git repo https://github.com/Machtan/token-rs written to /workspace/builds/worker-4/source/Cargo.toml
[INFO] crate git repo https://github.com/Machtan/token-rs already has a lockfile, it will not be regenerated
[INFO] running `Command { std: "/workspace/cargo-home/bin/cargo" "+af3c6e733a40e671550e0f0f5aeecaa13772ba56" "fetch" "--locked" "--manifest-path" "Cargo.toml", kill_on_drop: false }`
[INFO] [stderr]     Blocking waiting for file lock on package cache
[INFO] [stderr]     Blocking waiting for file lock on package cache
[INFO] running `Command { std: "docker" "create" "-v" "/var/lib/crater-agent-workspace/builds/worker-4/target:/opt/rustwide/target:rw,Z" "-v" "/var/lib/crater-agent-workspace/builds/worker-4/source:/opt/rustwide/workdir:ro,Z" "-v" "/var/lib/crater-agent-workspace/cargo-home:/opt/rustwide/cargo-home:ro,Z" "-v" "/var/lib/crater-agent-workspace/rustup-home:/opt/rustwide/rustup-home:ro,Z" "-e" "SOURCE_DIR=/opt/rustwide/workdir" "-e" "CARGO_TARGET_DIR=/opt/rustwide/target" "-e" "CARGO_HOME=/opt/rustwide/cargo-home" "-e" "RUSTUP_HOME=/opt/rustwide/rustup-home" "-w" "/opt/rustwide/workdir" "-m" "1610612736" "--user" "0:0" "--network" "none" "rustops/crates-build-env@sha256:d92eaeed33fa75130ca1ee6c8a01d1ffb62bac859dfdfb3450e3e5d1c0146529" "/opt/rustwide/cargo-home/bin/cargo" "+af3c6e733a40e671550e0f0f5aeecaa13772ba56" "metadata" "--no-deps" "--format-version=1", kill_on_drop: false }`
[INFO] [stdout] af72008c64e1b905346ee13c3e0ca8a582a02acfdd9ba26fe9846a4eb9c8d450
[INFO] [stderr] WARNING: Your kernel does not support swap limit capabilities or the cgroup is not mounted. Memory limited without swap.
[INFO] running `Command { std: "docker" "start" "-a" "af72008c64e1b905346ee13c3e0ca8a582a02acfdd9ba26fe9846a4eb9c8d450", kill_on_drop: false }`
[INFO] running `Command { std: "docker" "inspect" "af72008c64e1b905346ee13c3e0ca8a582a02acfdd9ba26fe9846a4eb9c8d450", kill_on_drop: false }`
[INFO] running `Command { std: "docker" "rm" "-f" "af72008c64e1b905346ee13c3e0ca8a582a02acfdd9ba26fe9846a4eb9c8d450", kill_on_drop: false }`
[INFO] [stdout] af72008c64e1b905346ee13c3e0ca8a582a02acfdd9ba26fe9846a4eb9c8d450
[INFO] running `Command { std: "docker" "create" "-v" "/var/lib/crater-agent-workspace/builds/worker-4/target:/opt/rustwide/target:rw,Z" "-v" "/var/lib/crater-agent-workspace/builds/worker-4/source:/opt/rustwide/workdir:ro,Z" "-v" "/var/lib/crater-agent-workspace/cargo-home:/opt/rustwide/cargo-home:ro,Z" "-v" "/var/lib/crater-agent-workspace/rustup-home:/opt/rustwide/rustup-home:ro,Z" "-e" "SOURCE_DIR=/opt/rustwide/workdir" "-e" "CARGO_TARGET_DIR=/opt/rustwide/target" "-e" "CARGO_INCREMENTAL=0" "-e" "RUST_BACKTRACE=full" "-e" "RUSTFLAGS=--cap-lints=forbid" "-e" "CARGO_HOME=/opt/rustwide/cargo-home" "-e" "RUSTUP_HOME=/opt/rustwide/rustup-home" "-w" "/opt/rustwide/workdir" "-m" "1610612736" "--user" "0:0" "--network" "none" "rustops/crates-build-env@sha256:d92eaeed33fa75130ca1ee6c8a01d1ffb62bac859dfdfb3450e3e5d1c0146529" "/opt/rustwide/cargo-home/bin/cargo" "+af3c6e733a40e671550e0f0f5aeecaa13772ba56" "check" "--frozen" "--all" "--all-targets" "--message-format=json", kill_on_drop: false }`
[INFO] [stdout] 673080bd7cccf8b57b6e3c192cffb3914e730e73fbf383c02cb77f9c8c4d70e2
[INFO] [stderr] WARNING: Your kernel does not support swap limit capabilities or the cgroup is not mounted. Memory limited without swap.
[INFO] running `Command { std: "docker" "start" "-a" "673080bd7cccf8b57b6e3c192cffb3914e730e73fbf383c02cb77f9c8c4d70e2", kill_on_drop: false }`
[INFO] [stderr]     Checking token v1.0.0-rc2 (/opt/rustwide/workdir)
[INFO] [stdout] error[E0412]: cannot find type `Chars` in module `io`
[INFO] [stdout]   --> src/lib.rs:38:16
[INFO] [stdout]    |
[INFO] [stdout] 38 |     chars: io::Chars<R>,
[INFO] [stdout]    |                ^^^^^ not found in `io`
[INFO] [stdout]    |
[INFO] [stdout] help: consider importing this struct
[INFO] [stdout]    |
[INFO] [stdout] 30 | use std::str::Chars;
[INFO] [stdout]    |
[INFO] [stdout] 
[INFO] [stdout] 
[INFO] [stdout] error[E0412]: cannot find type `CharsError` in module `io`
[INFO] [stdout]   --> src/lib.rs:62:56
[INFO] [stdout]    |
[INFO] [stdout] 62 |     pub fn next(&mut self) -> Result<Option<&str>, io::CharsError> {
[INFO] [stdout]    |                                                        ^^^^^^^^^^ not found in `io`
[INFO] [stdout] 
[INFO] [stdout] 
[INFO] [stdout] error[E0412]: cannot find type `Chars` in module `io`
[INFO] [stdout]   --> src/lib.rs:38:16
[INFO] [stdout]    |
[INFO] [stdout] 38 |     chars: io::Chars<R>,
[INFO] [stdout]    |                ^^^^^ not found in `io`
[INFO] [stdout]    |
[INFO] [stdout] help: consider importing this struct
[INFO] [stdout]    |
[INFO] [stdout] 30 | use std::str::Chars;
[INFO] [stdout]    |
[INFO] [stdout] 
[INFO] [stdout] 
[INFO] [stdout] error[E0412]: cannot find type `CharsError` in module `io`
[INFO] [stdout]    --> src/lib.rs:130:56
[INFO] [stdout]     |
[INFO] [stdout] 130 |     pub fn next(&mut self) -> Result<Option<&str>, io::CharsError> {
[INFO] [stdout]     |                                                        ^^^^^^^^^^ not found in `io`
[INFO] [stdout] 
[INFO] [stdout] 
[INFO] [stdout] error[E0412]: cannot find type `CharsError` in module `io`
[INFO] [stdout]   --> src/lib.rs:62:56
[INFO] [stdout]    |
[INFO] [stdout] 62 |     pub fn next(&mut self) -> Result<Option<&str>, io::CharsError> {
[INFO] [stdout]    |                                                        ^^^^^^^^^^ not found in `io`
[INFO] [stdout] 
[INFO] [stdout] 
[INFO] [stdout] error[E0412]: cannot find type `CharsError` in module `io`
[INFO] [stdout]    --> src/lib.rs:130:56
[INFO] [stdout]     |
[INFO] [stdout] 130 |     pub fn next(&mut self) -> Result<Option<&str>, io::CharsError> {
[INFO] [stdout]     |                                                        ^^^^^^^^^^ not found in `io`
[INFO] [stdout] 
[INFO] [stdout] 
[INFO] [stdout] warning: use of deprecated macro `try`: use the `?` operator instead
[INFO] [stdout]   --> src/lib.rs:65:21
[INFO] [stdout]    |
[INFO] [stdout] 65 |             let c = try!(res);
[INFO] [stdout]    |                     ^^^
[INFO] [stdout]    |
[INFO] [stdout]    = note: `#[warn(deprecated)]` on by default
[INFO] [stdout] 
[INFO] [stdout] 
[INFO] [stdout] warning: use of deprecated macro `try`: use the `?` operator instead
[INFO] [stdout]    --> src/lib.rs:134:27
[INFO] [stdout]     |
[INFO] [stdout] 134 |             let s = match try!(self.tokenizer.next()) {
[INFO] [stdout]     |                           ^^^
[INFO] [stdout] 
[INFO] [stdout] 
[INFO] [stdout] warning: use of deprecated macro `try`: use the `?` operator instead
[INFO] [stdout]   --> src/lib.rs:65:21
[INFO] [stdout]    |
[INFO] [stdout] 65 |             let c = try!(res);
[INFO] [stdout]    |                     ^^^
[INFO] [stdout]    |
[INFO] [stdout]    = note: `#[warn(deprecated)]` on by default
[INFO] [stdout] 
[INFO] [stdout] 
[INFO] [stdout] warning: use of deprecated macro `try`: use the `?` operator instead
[INFO] [stdout]    --> src/lib.rs:134:27
[INFO] [stdout]     |
[INFO] [stdout] 134 |             let s = match try!(self.tokenizer.next()) {
[INFO] [stdout]     |                           ^^^
[INFO] [stdout] 
[INFO] [stdout] 
[INFO] [stdout] error[E0392]: parameter `R` is never used
[INFO] [stdout]   --> src/lib.rs:86:33
[INFO] [stdout]    |
[INFO] [stdout] 86 | pub struct SentenceSplitter<'a, R: Read> {
[INFO] [stdout]    |                                 ^ unused parameter
[INFO] [stdout]    |
[INFO] [stdout]    = help: consider removing `R`, referring to it in a field, or using a marker such as `PhantomData`
[INFO] [stdout] 
[INFO] [stdout] 
[INFO] [stdout] error: aborting due to 4 previous errors; 2 warnings emitted
[INFO] [stdout] 
[INFO] [stdout] 
[INFO] [stdout] Some errors have detailed explanations: E0392, E0412.
[INFO] [stdout] 
[INFO] [stdout] For more information about an error, try `rustc --explain E0392`.
[INFO] [stdout] 
[INFO] [stdout] error[E0392]: parameter `R` is never used
[INFO] [stdout]   --> src/lib.rs:86:33
[INFO] [stdout]    |
[INFO] [stdout] 86 | pub struct SentenceSplitter<'a, R: Read> {
[INFO] [stdout]    |                                 ^ unused parameter
[INFO] [stdout]    |
[INFO] [stdout]    = help: consider removing `R`, referring to it in a field, or using a marker such as `PhantomData`
[INFO] [stdout] 
[INFO] [stdout] 
[INFO] [stdout] error: aborting due to 4 previous errors; 2 warnings emitted
[INFO] [stdout] 
[INFO] [stdout] 
[INFO] [stdout] Some errors have detailed explanations: E0392, E0412.
[INFO] [stdout] 
[INFO] [stdout] For more information about an error, try `rustc --explain E0392`.
[INFO] [stdout] 
[INFO] [stderr] error: could not compile `token`.
[INFO] [stderr] 
[INFO] [stderr] To learn more, run the command again with --verbose.
[INFO] [stderr] warning: build failed, waiting for other jobs to finish...
[INFO] [stderr] error: build failed
[INFO] running `Command { std: "docker" "inspect" "673080bd7cccf8b57b6e3c192cffb3914e730e73fbf383c02cb77f9c8c4d70e2", kill_on_drop: false }`
[INFO] running `Command { std: "docker" "rm" "-f" "673080bd7cccf8b57b6e3c192cffb3914e730e73fbf383c02cb77f9c8c4d70e2", kill_on_drop: false }`
[INFO] [stdout] 673080bd7cccf8b57b6e3c192cffb3914e730e73fbf383c02cb77f9c8c4d70e2
